inder when 43201 is divided by 21.
4
What is the remainder when 28915 is divided by 2879?
125
What is the remainder when 15621 is divided by 2228?
25
Calculate the remainder when 2718 is divided by 465.
393
Calculate the remainder when 12787 is divided by 123.
118
Calculate the remainder when 341598 is divided by 341598.
0
What is the remainder when 29158 is divided by 9713?
19
Calculate the remainder when 27278 is divided by 1137.
1127
Calculate the remainder when 11485 is divided by 1910.
25
What is the remainder when 3209 is divided by 541?
504
Calculate the remainder when 7804 is divided by 45.
19
Calculate the remainder when 20504 is divided by 258.
122
Calculate the remainder when 77782 is divided by 58.
4
Calculate the remainder when 8706 is divided by 458.
4
Calculate the remainder when 94 is divided by 19.
18
Calculate the remainder when 1368750 is divided by 195534.
12
Calculate the remainder when 110189 is divided by 327.
317
Calculate the remainder when 7609 is divided by 7585.
24
What is the remainder when 315143 is divided by 442?
439
Calculate the remainder when 149982 is divided by 109.
107
Calculate the remainder when 185 is divided by 97.
88
What is the remainder when 169393 is divided by 14110?
73
Calculate the remainder when 188360 is divided by 1922.
4
What is the remainder when 9448 is divided by 215?
203
What is the remainder when 13174 is divided by 6040?
1094
What is the remainder when 159755 is divided by 183?
179
What is the remainder when 137172 is divided by 22?
2
What is the remainder when 14647 is divided by 4787?
286
Calculate the remainder when 41658 is divided by 64.
58
What is the remainder when 12035 is divided by 3?
2
Calculate the remainder when 9875 is divided by 734.
333
Calculate the remainder when 129623 is divided by 112.
39
Calculate the remainder when 140028 is divided by 70014.
0
What is the remainder when 10038 is divided by 8828?
1210
Calculate the remainder when 38525 is divided by 36.
5
Calculate the remainder when 18352 is divided by 2030.
82
Calculate the remainder when 434754 is divided by 34.
30
Calculate the remainder when 136888 is divided by 204.
4
What is the remainder when 2626 is divided by 1313?
0
What is the remainder when 22951 is divided by 51?
1
What is the remainder when 18378 is divided by 871?
87
Calculate the remainder when 307461 is divided by 24.
21
What is the remainder when 2231 is divided by 832?
567
Calculate the remainder when 48727 is divided by 8.
7
Calculate the remainder when 4746 is divided by 6.
0
Calculate the remainder when 9575 is divided by 679.
69
Calculate the remainder when 164070 is divided by 66.
60
Calculate the remainder when 40532 is divided by 11.
8
Calculate the remainder when 8741 is divided by 2863.
152
What is the remainder when 34612 is divided by 381?
322
What is the remainder when 372 is divided by 282?
90
Calculate the remainder when 1119403 is divided by 26.
25
What is the remainder when 99591 is divided by 332?
323
Calculate the remainder when 1179417 is divided by 47.
46
Calculate the remainder when 38101 is divided by 19005.
91
Calculate the remainder when 119790 is divided by 157.
156
Calculate the remainder when 5592 is divided by 1148.
1000
What is the remainder when 71241 is divided by 24?
9
Calculate the remainder when 2117 is divided by 2052.
65
Calculate the remainder when 177339 is divided by 13641.
6
Calculate the remainder when 144285 is divided by 1119.
1053
Calculate the remainder when 126442 is divided by 126434.
8
Calculate the remainder when 1041042 is divided by 458.
8
What is the remainder when 3550 is divided by 27?
13
What is the remainder when 1027 is divided by 37?
28
Calculate the remainder when 6529 is divided by 4659.
1870
Calculate the remainder when 1894 is divided by 472.
6
Calculate the remainder when 1440 is divided by 1255.
185
Calculate the remainder when 6592 is divided by 358.
148
What is the remainder when 3612 is divided by 69?
24
What is the remainder when 121727 is divided by 370?
367
Calculate the remainder when 12185 is divided by 338.
17
What is the remainder when 90674 is divided by 4317?
17
Calculate the remainder when 10329 is divided by 10312.
17
What is the remainder when 235604 is divided by 8?
4
Calculate the remainder when 17020 is divided by 56.
52
Calculate the remainder when 56939 is divided by 1966.
1891
Calculate the remainder when 1352 is divided by 33.
32
What is the remainder when 601591 is divided by 249?
7
What is the remainder when 919412 is divided by 24?
20
Calculate the remainder when 20802 is divided by 107.
44
Calculate the remainder when 5381 is divided by 487.
24
What is the remainder when 1883 is divided by 626?
5
What is the remainder when 2483 is divided by 52?
39
What is the remainder when 12361 is divided by 2435?
186
Calculate the remainder when 98390 is divided by 251.
249
Calculate the remainder when 14765 is divided by 63.
23
What is the remainder when 288 is divided by 104?
80
What is the remainder when 5432 is divided by 99?
86
What is the remainder when 40828 is divided by 1570?
8
What is the remainder when 5694 is divided by 932?
102
Calculate the remainder when 111509 is divided by 15.
14
Calculate the remainder when 391444 is divided by 1987.
5
Calculate the remainder when 2883 is divided by 360.
3
What is the remainder when 8485 is divided by 73?
17
What is the remainder when 63045 is divided by 62?
53
What is the remainder when 4802 is divided by 42?
14
What is the remainder when 763 is divided by 370?
23
What is the remainder when 23795 is divided by 40?
35
Calculate the remainder when 98085 is divided by 222.
183
What is the remainder when 1329716 is divided by 12?
8
What is the remainder when 29931 is divided by 587?
581
Calculate the remainder when 364828 is divided by 33166.
2
Calculate the remainder when 3069 is divided by 601.
64
Calculate the remainder when 56986 is divided by 137.
131
What is the remainder when 93928 is divided by 15?
13
Calculate the remainder when 493 is divided by 152.
37
Calculate the remainder when 125045 is divided by 5430.
155
Calculate the remainder when 7370 is divided by 818.
8
Calculate the remainder when 71544 is divided by 409.
378
Calculate the remainder when 87398 is divided by 19.
17
What is the remainder when 13276 is divided by 57?
52
Calculate the remainder when 8479 is divided by 325.
29
What is the remainder when 157651 is divided by 27?
25
Calculate the remainder when 7927 is divided by 3530.
867
Calculate the remainder when 27665 is divided by 1727.
33
What is the remainder when 769644 is divided by 44?
40
Calculate the remainder when 15463 is divided by 218.
203
Calculate the remainder when 12456 is divided by 108.
36
Calculate the remainder when 556197 is divided by 861.
852
What is the remainder when 34133 is divided by 18?
5
Calculate the remainder when 835715 is divided by 119385.
20
Calculate the remainder when 29464 is divided by 891.
61
Calculate the remainder when 13925 is divided by 6959.
7
What is the remainder when 2307 is divided by 94?
51
What is the remainder when 26612 is divided by 75?
62
What is the remainder when 79619 is divided by 15?
14
Calculate the remainder when 22237 is divided by 377.
371
Calculate the remainder when 152936 is divided by 152933.
3
What is the remainder when 3367 is divided by 455?
182
What is the remainder when 19334 is divided by 4823?
42
What is the remainder when 224 is divided by 103?
18
What is the remainder when 368770 is divided by 474?
472
What is the remainder when 13095 is divided by 17?
5
What is the remainder when 3194 is divided by 9?
8
What is the remainder when 32752 is divided by 352?
16
Calculate the remainder when 7104 is divided by 310.
284
Calculate the remainder when 570890 is divided by 28.
26
Calculate the remainder when 24405189 is divided by 14.
11
What is the remainder when 636355 is divided by 14?
13
What is the remainder when 450856 is divided by 489?
487
What is the remainder when 5249 is divided by 63?
20
Calculate the remainder when 298291 is divided by 314.
305
Calculate the remainder when 129784 is divided by 14419.
13
What is the remainder when 29626 is divided by 119?
114
What is the remainder when 219984 is divided by 11578?
